{"id":330,"date":"2025-03-04T23:44:47","date_gmt":"2025-03-04T22:44:47","guid":{"rendered":"https:\/\/dev.belgawebsite.be\/toiturepro\/?page_id=330"},"modified":"2025-03-04T23:56:40","modified_gmt":"2025-03-04T22:56:40","slug":"zingueries","status":"publish","type":"page","link":"https:\/\/dev.belgawebsite.be\/toiturepro\/services\/zingueries\/","title":{"rendered":"Zingueries"},"content":{"rendered":"\t\t<div data-elementor-type=\"wp-page\" data-elementor-id=\"330\" class=\"elementor elementor-330\">\n\t\t\t\t<div class=\"elementor-element elementor-element-4c07222 e-flex e-con-boxed e-con e-parent\" data-id=\"4c07222\" data-element_type=\"container\" data-settings=\"{&quot;background_background&quot;:&quot;classic&quot;}\">\n\t\t\t\t\t<div class=\"e-con-inner\">\n\t\t<div class=\"elementor-element elementor-element-b5fb9dd e-con-full e-flex e-con e-child\" data-id=\"b5fb9dd\" data-element_type=\"container\">\n\t\t\t\t<div class=\"elementor-element elementor-element-031ea1f animated-slow elementor-invisible elementor-widget elementor-widget-heading\" data-id=\"031ea1f\" data-element_type=\"widget\" data-settings=\"{&quot;_animation&quot;:&quot;fadeInDown&quot;,&quot;_animation_delay&quot;:&quot;200&quot;}\" data-widget_type=\"heading.default\">\n\t\t\t\t<div class=\"elementor-widget-container\">\n\t\t\t<h3 class=\"elementor-heading-title elementor-size-default\">Zingueries<\/h3>\t\t<\/div>\n\t\t\t\t<\/div>\n\t\t\t\t<div class=\"elementor-element elementor-element-f28e3a8 elementor-widget-divider--view-line elementor-widget elementor-widget-divider\" data-id=\"f28e3a8\" data-element_type=\"widget\" data-widget_type=\"divider.default\">\n\t\t\t\t<div class=\"elementor-widget-container\">\n\t\t\t\t\t<div class=\"elementor-divider\">\n\t\t\t<span class=\"elementor-divider-separator\">\n\t\t\t\t\t\t<\/span>\n\t\t<\/div>\n\t\t\t\t<\/div>\n\t\t\t\t<\/div>\n\t\t\t\t<div class=\"elementor-element elementor-element-2231f9a elementor-widget elementor-widget-spacer\" data-id=\"2231f9a\" data-element_type=\"widget\" data-widget_type=\"spacer.default\">\n\t\t\t\t<div class=\"elementor-widget-container\">\n\t\t\t\t\t<div class=\"elementor-spacer\">\n\t\t\t<div class=\"elementor-spacer-inner\"><\/div>\n\t\t<\/div>\n\t\t\t\t<\/div>\n\t\t\t\t<\/div>\n\t\t\t\t<\/div>\n\t\t\t\t\t<\/div>\n\t\t\t\t<\/div>\n\t\t<div class=\"elementor-element elementor-element-4bce7af e-flex e-con-boxed e-con e-parent\" data-id=\"4bce7af\" data-element_type=\"container\">\n\t\t\t\t\t<div class=\"e-con-inner\">\n\t\t<div class=\"elementor-element elementor-element-c0c1693 e-con-full e-flex e-con e-child\" data-id=\"c0c1693\" data-element_type=\"container\">\n\t\t\t\t<div class=\"elementor-element elementor-element-534c83b elementor-widget elementor-widget-text-editor\" data-id=\"534c83b\" data-element_type=\"widget\" data-widget_type=\"text-editor.default\">\n\t\t\t\t<div class=\"elementor-widget-container\">\n\t\t\t\t\t\t\t<p>Nous r\u00e9alisons tous vos travaux de zinguerie pour assurer l\u2019\u00e9tanch\u00e9it\u00e9 et la finition parfaite de votre toiture. Nos prestations incluent la pose de goutti\u00e8res, ch\u00e9neaux, rives et abergements en zinc, cuivre ou aluminium. Ces \u00e9l\u00e9ments prot\u00e8gent votre maison des infiltrations d\u2019eau et apportent une touche esth\u00e9tique suppl\u00e9mentaire. Un bon travail de zinguerie prolonge la vie de votre toiture et am\u00e9liore son efficacit\u00e9 contre les intemp\u00e9ries.<\/p>\t\t\t\t\t\t<\/div>\n\t\t\t\t<\/div>\n\t\t\t\t<div class=\"elementor-element elementor-element-a49bb0a elementor-widget elementor-widget-button\" data-id=\"a49bb0a\" data-element_type=\"widget\" data-widget_type=\"button.default\">\n\t\t\t\t<div class=\"elementor-widget-container\">\n\t\t\t\t\t\t\t<div class=\"elementor-button-wrapper\">\n\t\t\t\t\t<a class=\"elementor-button elementor-button-link elementor-size-sm\" href=\"https:\/\/dev.belgawebsite.be\/toiturepro\/#devis\">\n\t\t\t\t\t\t<span class=\"elementor-button-content-wrapper\">\n\t\t\t\t\t\t\t\t\t<span class=\"elementor-button-text\">Demandez un devis<\/span>\n\t\t\t\t\t<\/span>\n\t\t\t\t\t<\/a>\n\t\t\t\t<\/div>\n\t\t\t\t\t\t<\/div>\n\t\t\t\t<\/div>\n\t\t\t\t<\/div>\n\t\t<div class=\"elementor-element elementor-element-a87e007 e-con-full e-flex e-con e-child\" data-id=\"a87e007\" data-element_type=\"container\">\n\t\t\t\t<div class=\"elementor-element elementor-element-37e6d59 elementor-widget elementor-widget-image\" data-id=\"37e6d59\" data-element_type=\"widget\" data-widget_type=\"image.default\">\n\t\t\t\t<div class=\"elementor-widget-container\">\n\t\t\t\t\t\t\t\t\t\t\t\t\t<img fetchpriority=\"high\" decoding=\"async\" width=\"800\" height=\"533\" src=\"https:\/\/dev.belgawebsite.be\/toiturepro\/wp-content\/uploads\/sites\/30\/2025\/02\/finishing-ceramic-roof-2022-10-26-03-44-06-23YNVY8-a.jpg\" class=\"attachment-large size-large wp-image-28\" alt=\"\" srcset=\"https:\/\/dev.belgawebsite.be\/toiturepro\/wp-content\/uploads\/sites\/30\/2025\/02\/finishing-ceramic-roof-2022-10-26-03-44-06-23YNVY8-a.jpg 1024w, https:\/\/dev.belgawebsite.be\/toiturepro\/wp-content\/uploads\/sites\/30\/2025\/02\/finishing-ceramic-roof-2022-10-26-03-44-06-23YNVY8-a-300x200.jpg 300w, https:\/\/dev.belgawebsite.be\/toiturepro\/wp-content\/uploads\/sites\/30\/2025\/02\/finishing-ceramic-roof-2022-10-26-03-44-06-23YNVY8-a-768x512.jpg 768w\" sizes=\"(max-width: 800px) 100vw, 800px\" \/>\t\t\t\t\t\t\t\t\t\t\t\t\t<\/div>\n\t\t\t\t<\/div>\n\t\t\t\t<div class=\"elementor-element elementor-element-4883c3a elementor-absolute elementor-widget elementor-widget-image\" data-id=\"4883c3a\" data-element_type=\"widget\" data-settings=\"{&quot;_position&quot;:&quot;absolute&quot;}\" data-widget_type=\"image.default\">\n\t\t\t\t<div class=\"elementor-widget-container\">\n\t\t\t\t\t\t\t\t\t\t\t\t\t<img decoding=\"async\" width=\"66\" height=\"67\" src=\"https:\/\/dev.belgawebsite.be\/toiturepro\/wp-content\/uploads\/sites\/30\/2025\/03\/Fichier-5.svg\" class=\"attachment-large size-large wp-image-313\" alt=\"\" \/>\t\t\t\t\t\t\t\t\t\t\t\t\t<\/div>\n\t\t\t\t<\/div>\n\t\t\t\t<\/div>\n\t\t\t\t\t<\/div>\n\t\t\t\t<\/div>\n\t\t\t\t<\/div>\n\t\t","protected":false},"excerpt":{"rendered":"<p>Zingueries Nous r\u00e9alisons tous vos travaux de zinguerie pour assurer l\u2019\u00e9tanch\u00e9it\u00e9 et la finition parfaite de votre toiture. Nos prestations incluent la pose de goutti\u00e8res, ch\u00e9neaux, rives et abergements en zinc, cuivre ou aluminium. Ces \u00e9l\u00e9ments prot\u00e8gent votre maison des infiltrations d\u2019eau et apportent une touche esth\u00e9tique suppl\u00e9mentaire. Un bon travail de zinguerie prolonge la [&hellip;]<\/p>\n","protected":false},"author":9,"featured_media":0,"parent":132,"menu_order":0,"comment_status":"closed","ping_status":"closed","template":"","meta":{"footnotes":""},"_links":{"self":[{"href":"https:\/\/dev.belgawebsite.be\/toiturepro\/wp-json\/wp\/v2\/pages\/330"}],"collection":[{"href":"https:\/\/dev.belgawebsite.be\/toiturepro\/wp-json\/wp\/v2\/pages"}],"about":[{"href":"https:\/\/dev.belgawebsite.be\/toiturepro\/wp-json\/wp\/v2\/types\/page"}],"author":[{"embeddable":true,"href":"https:\/\/dev.belgawebsite.be\/toiturepro\/wp-json\/wp\/v2\/users\/9"}],"replies":[{"embeddable":true,"href":"https:\/\/dev.belgawebsite.be\/toiturepro\/wp-json\/wp\/v2\/comments?post=330"}],"version-history":[{"count":8,"href":"https:\/\/dev.belgawebsite.be\/toiturepro\/wp-json\/wp\/v2\/pages\/330\/revisions"}],"predecessor-version":[{"id":376,"href":"https:\/\/dev.belgawebsite.be\/toiturepro\/wp-json\/wp\/v2\/pages\/330\/revisions\/376"}],"up":[{"embeddable":true,"href":"https:\/\/dev.belgawebsite.be\/toiturepro\/wp-json\/wp\/v2\/pages\/132"}],"wp:attachment":[{"href":"https:\/\/dev.belgawebsite.be\/toiturepro\/wp-json\/wp\/v2\/media?parent=330"}],"curies":[{"name":"wp","href":"https:\/\/api.w.org\/{rel}","templated":true}]}}